{"version":"1.0","type":"photo","provider_name":"Inspirats","provider_url":"https:\/\/www.inspirats.com","title":"Le Courrier des Yvelines 181120 Covid 19 le t\u00e9l\u00e9travail devient la r\u00e8gle","url":"https:\/\/www.inspirats.com\/images\/2020\/11\/18\/Le-Courrier-des-Yvelines-181120-Covid-19---le-teletravail-devient-la-regle.md.jpg","web_page":"https:\/\/www.inspirats.com\/image\/NSf","width":"831","height":"847","thumbnail_url":"https:\/\/www.inspirats.com\/images\/2020\/11\/18\/Le-Courrier-des-Yvelines-181120-Covid-19---le-teletravail-devient-la-regle.md.jpg","thumbnail_width":"500","thumbnail_height":510}

Le Courrier des Yvelines 181120 Covid 19 le télétravail devient la règle
